10120 (base 4) to base 5
-120001
Convert -2305 (base 9) to base 16.
-6aa
What is -31578 (base 10) in base 2?
-111101101011010
-1100002 (base 3) to base 12
-692
1101 (base 2) to base 15
d
What is 294 (base 14) in base 7?
1344
Convert -1227 (base 8) to base 10.
-663
155b0 (base 13) to base 8
117126
c2 (base 15) to base 12
132
-3041 (base 6) to base 11
-562
-2750 (base 14) to base 9
-10450
-10220 (base 6) to base 13
-822
What is 1b6b8 (base 14) in base 7?
410621
1021101020 (base 3) to base 9
37336
-925 (base 12) to base 4
-110231
What is 16 (base 16) in base 7?
31
Convert 43211 (base 5) to base 8.
5563
1444 (base 10) to base 8
2644
Convert -23390 (base 10) to base 16.
-5b5e
Convert -111101011001 (base 2) to base 7.
-14312
-1503 (base 8) to base 14
-439
Convert 222021 (base 3) to base 13.
427
What is -1010001100 (base 2) in base 15?
-2d7
Convert 186 (base 11) to base 9.
258
Convert 114631 (base 7) to base 8.
50640
9121 (base 10) to base 8
21641
What is -442 (base 8) in base 10?
-290
What is 3cbb (base 16) in base 7?
63220
Convert 4a70 (base 15) to base 2.
11110111101111
What is -1231042 (base 6) in base 5?
-4110323
310 (base 8) to base 6
532
Convert 105c (base 14) to base 10.
2826
Convert 3032 (base 4) to base 3.
21122
651 (base 13) to base 2
10000111000
110000101100 (base 2) to base 8
6054
What is -5354 (base 6) in base 13?
-730
-786 (base 10) to base 16
-312
-2122430 (base 5) to base 6
-434342
Convert 13521 (base 7) to base 9.
5050
What is -2 (base 5) in base 13?
-2
-75 (base 8) to base 16
-3d
What is -790 (base 15) in base 13?
-a17
2132 (base 12) to base 15
1128
Convert 3221 (base 4) to base 15.
108
-1801 (base 11) to base 3
-10011012
20012010 (base 3) to base 4
1012200
What is 11100111101 (base 2) in base 15?
838
Convert -269 (base 16) to base 2.
-1001101001
Convert -e95 (base 15) to base 8.
-6332
-1011101000 (base 2) to base 14
-3b2
What is 2905 (base 15) in base 10?
8780
What is -7096 (base 16) in base 9?
-43474
What is -101120111 (base 3) in base 6?
-55404
Convert 35a (base 13) to base 5.
4312
-1710 (base 9) to base 14
-693
11001100 (base 2) to base 13
129
What is -83d2 (base 14) in base 16?
-58c4
Convert -212 (base 3) to base 11.
-21
What is 1110131 (base 4) in base 10?
5405
Convert 53464 (base 7) to base 9.
20181
Convert -100230 (base 4) to base 9.
-1416
What is 1022241 (base 5) in base 13?
7a9a
Convert -b3c9 (base 13) to base 7.
-132263
Convert 23152 (base 7) to base 13.
2902
Convert -212 (base 16) to base 13.
-31a
45ce (base 15) to base 7
61130
Convert -1011000111 (base 2) to base 5.
-10321
What is b2 (base 12) in base 3?
11222
Convert 45a (base 13) to base 10.
751
Convert 6217 (base 8) to base 6.
22515
-9c4a (base 13) to base 11
-15476
What is -1a72 (base 11) in base 5?
-40440
Convert -6010 (base 8) to base 4.
-300020
Convert b1b2 (base 12) to base 14.
7058
Convert -10011220212 (base 3) to base 12.
-302b8
Convert -7343 (base 10) to base 8.
-16257
Convert 165c (base 13) to base 8.
6330
What is -217 (base 13) in base 4?
-11212
What is -6480 (base 9) in base 15?
-1630
-5305 (base 10) to base 13
-2551
What is -303 (base 8) in base 10?
-195
-3424 (base 10) to base 11
-2633
What is 42082 (base 11) in base 10?
61316
Convert 61 (base 7) to base 11.
3a
3035 (base 8) to base 6
11125
What is -243422 (base 6) in base 16?
-5426
Convert 1036 (base 10) to base 16.
40c
Convert 2124 (base 5) to base 8.
441
Convert -1000101101110010 (base 2) to base 12.
-187aa
What is -1651 (base 8) in base 5?
-12222
Convert -31520 (base 7) to base 4.
-1321331
-49300 (base 10) to base 13
-19594
Convert 220201 (base 3) to base 7.
1642
What is 193 (base 15) in base 6?
1403
a70 (base 16) to base 10
2672
-560 (base 9) to base 12
-323
Convert -6151 (base 8) to base 3.
-11100200
What is -337a (base 12) in base 2?
-1011001001110
13011 (base 4) to base 15
203
221202000 (base 3) to base 2
100100101001101
13441 (base 5) to base 16
461
Convert 2154 (base 13) to base 3.
20100120
Convert -10001001110 (base 2) to base 6.
-5034
What is 37c9 (base 15) in base 6?
131013
What is -13022 (base 6) in base 5?
-30313
What is 53520 (base 6) in base 4?
1302120
Convert 517 (base 8) to base 15.
175
What is 1260 (base 10) in base 12?
890
What is 1024204 (base 5) in base 14?
64cd
-2328 (base 13) to base 3
-20202210
-10011101111 (base 2) to base 13
-762
Convert -2600 (base 11) to base 4.
-310330
221120 (base 3) to base 7
2004
Convert -2044 (base 5) to base 6.
-1134
-40a3 (base 11) to base 10
-5437
-55422 (base 6) to base 11
-5887
Convert -100001011100 (base 2) to base 11.
-1676
-133 (base 4) to base 9
-34
Convert -15004 (base 8) to base 12.
-3a30
What is 1302 (base 15) in base 4?
333110
-bb0b (base 12) to base 5
-1124403
What is 3061 (base 8) in base 12?
b01
12110 (base 4) to base 7
1115
336 (base 14) to base 16
27c
Convert 18cd (base 14) to base 13.
2078
-1100100000 (base 2) to base 13
-497
Convert -1481a (base 11) to base 12.
-10162
Convert 1103102 (base 4) to base 3.
21022102
10111000011001 (base 2) to base 8
27031
What is -3ab2 (base 14) in base 10?
-10348
Convert -28984 (base 10) to base 3.
-1110202111
111230 (base 4) to base 5
21023
Convert 120300 (base 4) to base 9.
2150
Convert 21017 (base 10) to base 12.
101b5
Convert 12a06 (base 11) to base 2.
100100001010111
ea2 (base 15) to base 12
1ab2
What is 1233 (base 5) in base 12?
141
-bcd (base 14) to base 6
-14453
Convert -101100100010 (base 2) to base 15.
-ca0
Convert 2ea (base 15) to base 7.
1645
What is 3332 (base 4) in base 5?
2004
Convert -46111 (base 7) to base 8.
-26707
What is -11100011101 (base 2) in base 3?
-2111110
Convert -250 (base 7) to base 11.
-111
4877 (base 9) to base 13
1867
-1749 (base 16) to base 13
-2937
What is -30043 (base 8) in base 14?
-46c3
Convert -fdb (base 16) to base 4.
-333123
Convert 10101 (base 4) to base 9.
333
-49a (base 12) to base 4
-22312
Convert 110100110 (base 2) to base 5.
3142
Convert -1122 (base 9) to base 12.
-592
540 (base 14) to base 8
2014
-780 (base 10) to base 16
-30c
Convert -23c6 (base 16) to base 10.
-9158
What is -30887 (base 10) in base 13?
-1109c
55ca (base 15) to base 8
43416
Convert 2011 (base 3) to base 9.
64
What is -1200010220 (base 3) in base 16?
-808e
Convert -102121011 (base 3) to base 8.
-20407
Convert -192 (base 10) to base 8.
-300
What is -31e1 (base 15) in base 10?
-10561
2644 (base 7) to base 5
13022
Convert -4252 (base 11) to base 8.
-12767
What is -475 (base 14) in base 3?
-1012212
-a2c4 (base 16) to base 12
-20144
Convert 17617 (base 9) to base 6.
132154
Convert -100122000 (base 3) to base 8.
-15554
Convert -563 (base 16) to base 2.
-10101100011
What is -330013 (base 4) in base 11?
-2988
1525 (base 8) to base 5
11403
21130303 (base 4) to base 15
b707
122334 (base 7) to base 8
53703
Convert 21020110 (base 3) to base 13.
252c
What is -262 (base 10) in base 3?
-100201
Convert 10015 (base 9) to base 8.
14657
Convert bb58 (base 12) to base 9.
31305
Convert -4332 (base 5) to base 15.
-297
215032 (base 6) to base 15
54b8
Convert -95e (base 16) to base 12.
-147a
77 (base 13) to base 12
82
-202 (base 7) to base 14
-72
What is 221222 (base 3) in base 16?
2bd
Convert 362306 (base 7) to base 12.
32002
-a05 (base 12) to base 6
-10405
What is -c328 (base 13) in base 4?
-12210121
-2465 (base 8) to base 6
-10101
Convert -1117 (base 8) to base 13.
-366
What is 1010100011011111 (base 2) in base 14?
11a7d
Convert -244 (base 6) to base 3.
-10201
Convert 3421 (base 6) to base 16.
325
Convert 3200301 (base 4) to base 7.
56640
-14124 (base 5) to base 12
-810
Convert -7460 (base 8) to base 12.
-2300
Convert d685 (base 14) to base 15.
ae45
What is 94 (base 12) in base 8?
160
3032 (base 5) to base 6
1452
-28867 (base 9) to base 3
-222222021
Convert 23798 (base 11) to base 9.
51852
Convert 1052 (base 7) to base 6.
1432
Convert -26072 (base 8) to base 14.
-41aa
Convert -100010100100110 (base 2) to base 8.
-42446
-2754 (base 13) to base 8
-13016
1032102 (base 4) to base 15
1740
Convert -110101010111 (base 2) to base 8.
-6527
What is 22604 (base 8) in base 15?
2ca4
Convert -5302 (base 8) to base 16.
-ac2
What is 5aa5 (base 15) in base 16?
4b50
Convert -3625 (base 7) to base 13.
-7c3
10117 (base 10) to base 15
2ee7
What is 66f (base 16) in base 6?
11343
56534 (base 7) to base 16
37fd
-10d2 (base 16) t